[INFO] cloning repository https://github.com/kamiyaowl/start-rust-stm32f723
[INFO] running `Command { std: "git" "-c" "credential.helper=" "-c" "credential.helper=/workspace/cargo-home/bin/git-credential-null" "clone" "--bare" "https://github.com/kamiyaowl/start-rust-stm32f723" "/workspace/cache/git-repos/https%3A%2F%2Fgithub.com%2Fkamiyaowl%2Fstart-rust-stm32f723", kill_on_drop: false }`
[INFO] [stderr] Cloning into bare repository '/workspace/cache/git-repos/https%3A%2F%2Fgithub.com%2Fkamiyaowl%2Fstart-rust-stm32f723'...
[INFO] running `Command { std: "git" "rev-parse" "HEAD", kill_on_drop: false }`
[INFO] [stdout] 998b8bedde5397ba50e5fed669e8dbde1b821574
[INFO] checking kamiyaowl/start-rust-stm32f723 against try#72f88fc4e9458f89516a0b8b0868f3718aec5b47 for pr-74989
[INFO] running `Command { std: "git" "clone" "/workspace/cache/git-repos/https%3A%2F%2Fgithub.com%2Fkamiyaowl%2Fstart-rust-stm32f723" "/workspace/builds/worker-6/source", kill_on_drop: false }`
[INFO] [stderr] Cloning into '/workspace/builds/worker-6/source'...
[INFO] [stderr] done.
[INFO] validating manifest of git repo https://github.com/kamiyaowl/start-rust-stm32f723 on toolchain 72f88fc4e9458f89516a0b8b0868f3718aec5b47
[INFO] running `Command { std: "/workspace/cargo-home/bin/cargo" "+72f88fc4e9458f89516a0b8b0868f3718aec5b47" "read-manifest" "--manifest-path" "Cargo.toml", kill_on_drop: false }`
[INFO] removed /workspace/builds/worker-6/source/.cargo/config
[INFO] started tweaking git repo https://github.com/kamiyaowl/start-rust-stm32f723
[INFO] finished tweaking git repo https://github.com/kamiyaowl/start-rust-stm32f723
[INFO] tweaked toml for git repo https://github.com/kamiyaowl/start-rust-stm32f723 written to /workspace/builds/worker-6/source/Cargo.toml
[INFO] crate git repo https://github.com/kamiyaowl/start-rust-stm32f723 already has a lockfile, it will not be regenerated
[INFO] running `Command { std: "/workspace/cargo-home/bin/cargo" "+72f88fc4e9458f89516a0b8b0868f3718aec5b47" "fetch" "--locked" "--manifest-path" "Cargo.toml", kill_on_drop: false }`
[INFO] [stderr]  Downloading crates ...
[INFO] [stderr]   Downloaded cortex-m-semihosting v0.3.3
[INFO] [stderr]   Downloaded cortex-m v0.6.0
[INFO] running `Command { std: "docker" "create" "-v" "/var/lib/crater-agent-workspace/builds/worker-6/target:/opt/rustwide/target:rw,Z" "-v" "/var/lib/crater-agent-workspace/builds/worker-6/source:/opt/rustwide/workdir:ro,Z" "-v" "/var/lib/crater-agent-workspace/cargo-home:/opt/rustwide/cargo-home:ro,Z" "-v" "/var/lib/crater-agent-workspace/rustup-home:/opt/rustwide/rustup-home:ro,Z" "-e" "SOURCE_DIR=/opt/rustwide/workdir" "-e" "CARGO_TARGET_DIR=/opt/rustwide/target" "-e" "CARGO_HOME=/opt/rustwide/cargo-home" "-e" "RUSTUP_HOME=/opt/rustwide/rustup-home" "-w" "/opt/rustwide/workdir" "-m" "1610612736" "--user" "0:0" "--network" "none" "rustops/crates-build-env@sha256:d92eaeed33fa75130ca1ee6c8a01d1ffb62bac859dfdfb3450e3e5d1c0146529" "/opt/rustwide/cargo-home/bin/cargo" "+72f88fc4e9458f89516a0b8b0868f3718aec5b47" "metadata" "--no-deps" "--format-version=1", kill_on_drop: false }`
[INFO] [stdout] 8f19e89f3dba1343f81e5bbce5d6cec159e09ac7091cda92df55f89be23d9306
[INFO] [stderr] WARNING: Your kernel does not support swap limit capabilities or the cgroup is not mounted. Memory limited without swap.
[INFO] running `Command { std: "docker" "start" "-a" "8f19e89f3dba1343f81e5bbce5d6cec159e09ac7091cda92df55f89be23d9306", kill_on_drop: false }`
[INFO] running `Command { std: "docker" "inspect" "8f19e89f3dba1343f81e5bbce5d6cec159e09ac7091cda92df55f89be23d9306", kill_on_drop: false }`
[INFO] running `Command { std: "docker" "rm" "-f" "8f19e89f3dba1343f81e5bbce5d6cec159e09ac7091cda92df55f89be23d9306", kill_on_drop: false }`
[INFO] [stdout] 8f19e89f3dba1343f81e5bbce5d6cec159e09ac7091cda92df55f89be23d9306
[INFO] running `Command { std: "docker" "create" "-v" "/var/lib/crater-agent-workspace/builds/worker-6/target:/opt/rustwide/target:rw,Z" "-v" "/var/lib/crater-agent-workspace/builds/worker-6/source:/opt/rustwide/workdir:ro,Z" "-v" "/var/lib/crater-agent-workspace/cargo-home:/opt/rustwide/cargo-home:ro,Z" "-v" "/var/lib/crater-agent-workspace/rustup-home:/opt/rustwide/rustup-home:ro,Z" "-e" "SOURCE_DIR=/opt/rustwide/workdir" "-e" "CARGO_TARGET_DIR=/opt/rustwide/target" "-e" "CARGO_INCREMENTAL=0" "-e" "RUST_BACKTRACE=full" "-e" "RUSTFLAGS=--cap-lints=forbid" "-e" "CARGO_HOME=/opt/rustwide/cargo-home" "-e" "RUSTUP_HOME=/opt/rustwide/rustup-home" "-w" "/opt/rustwide/workdir" "-m" "1610612736" "--user" "0:0" "--network" "none" "rustops/crates-build-env@sha256:d92eaeed33fa75130ca1ee6c8a01d1ffb62bac859dfdfb3450e3e5d1c0146529" "/opt/rustwide/cargo-home/bin/cargo" "+72f88fc4e9458f89516a0b8b0868f3718aec5b47" "check" "--frozen" "--all" "--all-targets" "--message-format=json", kill_on_drop: false }`
[INFO] [stdout] 2dc752aaea8c60b0bd7cbae7df1a07ff8b3618a6be8c96af11b6d6d3f03cc90d
[INFO] [stderr] WARNING: Your kernel does not support swap limit capabilities or the cgroup is not mounted. Memory limited without swap.
[INFO] running `Command { std: "docker" "start" "-a" "2dc752aaea8c60b0bd7cbae7df1a07ff8b3618a6be8c96af11b6d6d3f03cc90d", kill_on_drop: false }`
[INFO] [stderr]     Blocking waiting for file lock on package cache
[INFO] [stderr]     Blocking waiting for file lock on package cache
[INFO] [stderr]    Compiling typenum v1.10.0
[INFO] [stderr]     Checking stable_deref_trait v1.1.1
[INFO] [stderr]    Compiling syn v0.15.42
[INFO] [stderr]    Compiling rand_core v0.4.0
[INFO] [stderr]     Checking vcell v0.1.0
[INFO] [stderr]    Compiling cortex-m v0.6.0
[INFO] [stderr]    Compiling cortex-m-rt v0.6.10
[INFO] [stderr]    Compiling cortex-m-semihosting v0.3.3
[INFO] [stderr]     Checking r0 v0.2.2
[INFO] [stderr]    Compiling getting-started-stm32f723-disco v0.1.0 (/opt/rustwide/workdir)
[INFO] [stderr]     Checking panic-halt v0.2.0
[INFO] [stderr]    Compiling bare-metal v0.2.4
[INFO] [stderr]     Checking volatile-register v0.2.0
[INFO] [stderr]    Compiling rand_core v0.3.1
[INFO] [stderr]    Compiling rand v0.5.6
[INFO] [stderr]     Checking generic-array v0.12.3
[INFO] [stderr]     Checking as-slice v0.1.0
[INFO] [stderr]     Checking aligned v0.3.1
[INFO] [stderr]    Compiling cortex-m-rt-macros v0.1.5
[INFO] [stdout] error: language item required, but not found: `eh_personality`
[INFO] [stdout] 
[INFO] [stdout] 
[INFO] [stdout] error: language item required, but not found: `eh_personality`
[INFO] [stdout] 
[INFO] [stdout] 
[INFO] [stdout] error: aborting due to previous error
[INFO] [stdout] 
[INFO] [stdout] 
[INFO] [stdout] error: language item required, but not found: `eh_personality`
[INFO] [stdout] 
[INFO] [stdout] 
[INFO] [stdout] error: aborting due to previous error
[INFO] [stdout] 
[INFO] [stdout] 
[INFO] [stdout] error: aborting due to previous error
[INFO] [stdout] 
[INFO] [stdout] 
[INFO] [stdout] error[E0432]: unresolved import `alloc_cortex_m`
[INFO] [stdout]   --> examples/allocator.rs:23:5
[INFO] [stdout]    |
[INFO] [stdout] 23 | use alloc_cortex_m::CortexMHeap;
[INFO] [stdout]    |     ^^^^^^^^^^^^^^ use of undeclared type or module `alloc_cortex_m`
[INFO] [stdout] 
[INFO] [stdout] 
[INFO] [stdout] error: language item required, but not found: `eh_personality`
[INFO] [stdout] 
[INFO] [stdout] 
[INFO] [stderr] error: could not compile `getting-started-stm32f723-disco`.
[INFO] [stderr] 
[INFO] [stderr] To learn more, run the command again with --verbose.
[INFO] [stderr] warning: build failed, waiting for other jobs to finish...
[INFO] [stdout] error[E0432]: unresolved import `stm32f30x`
[INFO] [stdout]   --> examples/device.rs:30:5
[INFO] [stdout]    |
[INFO] [stdout] 30 | use stm32f30x::{interrupt, Interrupt, NVIC};
[INFO] [stdout]    |     ^^^^^^^^^ use of undeclared type or module `stm32f30x`
[INFO] [stdout] 
[INFO] [stdout] 
[INFO] [stdout] error: cannot determine resolution for the attribute macro `interrupt`
[INFO] [stdout]   --> examples/device.rs:55:3
[INFO] [stdout]    |
[INFO] [stdout] 55 | #[interrupt]
[INFO] [stdout]    |   ^^^^^^^^^
[INFO] [stdout]    |
[INFO] [stdout]    = note: import resolution is stuck, try simplifying macro imports
[INFO] [stdout] 
[INFO] [stdout] 
[INFO] [stdout] error: language item required, but not found: `eh_personality`
[INFO] [stdout] 
[INFO] [stdout] 
[INFO] [stdout] error: aborting due to previous error
[INFO] [stdout] 
[INFO] [stdout] 
[INFO] [stdout] error[E0433]: failed to resolve: use of undeclared type or module `debug`
[INFO] [stdout]   --> examples/allocator.rs:46:5
[INFO] [stdout]    |
[INFO] [stdout] 46 |     debug::exit(debug::EXIT_SUCCESS);
[INFO] [stdout]    |     ^^^^^ use of undeclared type or module `debug`
[INFO] [stdout] 
[INFO] [stdout] 
[INFO] [stdout] error[E0433]: failed to resolve: use of undeclared type or module `debug`
[INFO] [stdout]   --> examples/allocator.rs:46:17
[INFO] [stdout]    |
[INFO] [stdout] 46 |     debug::exit(debug::EXIT_SUCCESS);
[INFO] [stdout]    |                 ^^^^^ use of undeclared type or module `debug`
[INFO] [stdout] 
[INFO] [stdout] 
[INFO] [stdout] error: language item required, but not found: `eh_personality`
[INFO] [stdout] 
[INFO] [stdout] 
[INFO] [stdout] error: language item required, but not found: `eh_personality`
[INFO] [stdout] 
[INFO] [stdout] 
[INFO] [stdout] error: aborting due to 3 previous errors
[INFO] [stdout] 
[INFO] [stdout] 
[INFO] [stdout] For more information about this error, try `rustc --explain E0432`.
[INFO] [stdout] 
[INFO] [stdout] error: language item required, but not found: `eh_personality`
[INFO] [stdout] 
[INFO] [stdout] 
[INFO] [stdout] error: aborting due to previous error
[INFO] [stdout] 
[INFO] [stdout] 
[INFO] [stdout] error: aborting due to previous error
[INFO] [stdout] 
[INFO] [stdout] 
[INFO] [stdout] error: aborting due to 4 previous errors
[INFO] [stdout] 
[INFO] [stdout] 
[INFO] [stdout] Some errors have detailed explanations: E0432, E0433.
[INFO] [stdout] 
[INFO] [stdout] For more information about an error, try `rustc --explain E0432`.
[INFO] [stdout] 
[INFO] [stdout] error: language item required, but not found: `eh_personality`
[INFO] [stdout] 
[INFO] [stdout] 
[INFO] [stdout] error: aborting due to previous error
[INFO] [stdout] 
[INFO] [stdout] 
[INFO] [stderr] error: build failed
[INFO] running `Command { std: "docker" "inspect" "2dc752aaea8c60b0bd7cbae7df1a07ff8b3618a6be8c96af11b6d6d3f03cc90d", kill_on_drop: false }`
[INFO] running `Command { std: "docker" "rm" "-f" "2dc752aaea8c60b0bd7cbae7df1a07ff8b3618a6be8c96af11b6d6d3f03cc90d", kill_on_drop: false }`
[INFO] [stdout] 2dc752aaea8c60b0bd7cbae7df1a07ff8b3618a6be8c96af11b6d6d3f03cc90d
